{"id":19,"date":"2020-09-08T13:38:39","date_gmt":"2020-09-08T10:38:39","guid":{"rendered":"http:\/\/94.237.80.24\/wordpress\/index.php\/home\/"},"modified":"2026-03-02T18:42:45","modified_gmt":"2026-03-02T16:42:45","slug":"home","status":"publish","type":"page","link":"https:\/\/laikajarjesto.fi\/","title":{"rendered":"Tervetuloa Suomen Laikaj\u00e4rjest\u00f6n sivustolle!"},"content":{"rendered":"\n<figure itemscope itemtype=\"https:\/\/schema.org\/ImageObject\">\n\t\t\t\t<img data-recalc-dims=\"1\" decoding=\"async\" data-src=\"https:\/\/i0.wp.com\/laikajarjesto.fi\/wp-content\/uploads\/2020\/12\/Logo_transparent.png?resize=600%2C600&#038;ssl=1\" alt=\"Logo_transparent\" height=\"600\" width=\"600\" title=\"Logo_transparent\" onerror=\"this.style.display='none'\" src=\"data:image\/svg+xml;base64,PHN2ZyB3aWR0aD0iMSIgaGVpZ2h0PSIxIiB4bWxucz0iaHR0cDovL3d3dy53My5vcmcvMjAwMC9zdmciPjwvc3ZnPg==\" class=\"lazyload\" style=\"--smush-placeholder-width: 600px; --smush-placeholder-aspect-ratio: 600\/600;\" \/>\n\t<\/figure>\n<h1>\n\t\t\tTapahtumat \/ tiedotteet\t<\/h1>\n\t<ul>\n<li>\n<ul>\n<li>\n<ul>\n<li>Laika-lauantai 11.4.2026<\/li>\n<\/ul>\n<\/li>\n<\/ul>\n<\/li>\n<\/ul>\n<h1>\n\t\t\tUutiset\t<\/h1>\n\t<div class=\"wonderpluginslider-container\" id=\"wonderpluginslider-container-1\" style=\"max-width:100%;margin:0 auto;padding-left:0px;padding-right:0px;padding-top:0px;padding-bottom:60px;\"><div class=\"wonderpluginslider\" id=\"wonderpluginslider-1\" data-sliderid=\"1\" data-width=\"850\" data-height=\"450\" data-skin=\"cube\" data-usejsforfullbrowserwidth=\"false\" data-fullbrowserwidth=\"false\" data-playmutedandinlinewhenautoplay=\"false\" data-playsinline=\"false\" data-addextraattributes=\"false\" data-autoplay=\"true\" data-randomplay=\"false\" data-loadimageondemand=\"false\" data-transitiononfirstslide=\"false\" data-autoplayvideo=\"false\" data-isresponsive=\"true\" data-fullwidth=\"true\" data-isfullscreen=\"false\" data-ratioresponsive=\"true\" data-showtext=\"true\" data-showtimer=\"true\" data-showbottomshadow=\"true\" data-navshowpreview=\"true\" data-textautohide=\"true\" data-pauseonmouseover=\"false\" data-lightboxresponsive=\"true\" data-lightboxshownavigation=\"false\" data-lightboxshowtitle=\"true\" data-lightboxshowdescription=\"false\" data-texteffectresponsive=\"true\" data-donotinit=\"false\" data-addinitscript=\"false\" data-lightboxfullscreenmode=\"false\" data-lightboxcloseonoverlay=\"true\" data-lightboxvideohidecontrols=\"false\" data-lightboxnogroup=\"false\" data-shownav=\"true\" data-navthumbresponsive=\"false\" data-navshowfeaturedarrow=\"false\" data-inityoutube=\"true\" data-initvimeo=\"true\" data-navshowplaypause=\"true\" data-navshowarrow=\"true\" data-navshowbuttons=\"false\" data-lightboxshowsocial=\"false\" data-lightboxshowfacebook=\"true\" data-lightboxshowtwitter=\"true\" data-lightboxshowpinterest=\"true\" data-lightboxsocialrotateeffect=\"true\" data-showsocial=\"false\" data-showfacebook=\"true\" data-showtwitter=\"true\" data-showpinterest=\"true\" data-socialrotateeffect=\"true\" data-disableinlinecss=\"false\" data-triggerresize=\"false\" data-lightboxautoslide=\"false\" data-lightboxshowtimer=\"true\" data-lightboxshowplaybutton=\"true\" data-lightboxalwaysshownavarrows=\"false\" data-lightboxshowtitleprefix=\"true\" data-titleusealt=\"false\" data-outputtext=\"false\" data-titletag=\"h1\" data-descriptiontag=\"h2\" data-scalemode=\"fit\" data-arrowstyle=\"always\" data-transition=\"cssslide\" data-loop=\"0\" data-border=\"0\" data-slideinterval=\"8000\" data-arrowimage=\"arrows-36-80-0.png\" data-arrowwidth=\"36\" data-arrowheight=\"80\" data-arrowtop=\"50\" data-arrowmargin=\"-18\" data-ga4account=\"\" data-googleanalyticsaccount=\"\" data-navplaypauseimage=\"navplaypause-28-28-0.png\" data-navarrowimage=\"navarrows-28-28-0.png\" data-navstyle=\"bullets\" data-navimage=\"bullet-24-24-1.png\" data-navwidth=\"24\" data-navheight=\"24\" data-navspacing=\"8\" data-navmarginx=\"16\" data-navmarginy=\"16\" data-navposition=\"bottom\" data-navthumbnavigationstyle=\"arrow\" data-navthumbnavigationarrowimage=\"carouselarrows-32-32-0.png\" data-navthumbnavigationarrowimagewidth=\"32\" data-navthumbnavigationarrowimageheight=\"32\" data-playvideoimage=\"playvideo-64-64-0.png\" data-playvideoimagewidth=\"64\" data-playvideoimageheight=\"64\" data-lightboxthumbwidth=\"90\" data-lightboxthumbheight=\"60\" data-lightboxthumbtopmargin=\"12\" data-lightboxthumbbottommargin=\"4\" data-lightboxbarheight=\"64\" data-lightboxtitlebottomcss=\"color:#333; font-size:14px; font-family:Armata,sans-serif,Arial; overflow:hidden; text-align:left;\" data-lightboxdescriptionbottomcss=\"color:#333; font-size:12px; font-family:Arial,Helvetica,sans-serif; overflow:hidden; text-align:left; margin:4px 0px 0px; padding: 0px;\" data-textformat=\"Color box\" data-textpositionstatic=\"bottom\" data-textpositiondynamic=\"topcenter,bottomleft\" data-paddingleft=\"0\" data-paddingright=\"0\" data-paddingtop=\"0\" data-paddingbottom=\"60\" data-texteffectresponsivesize=\"640\" data-textleftrightpercentforstatic=\"40\" data-fadeduration=\"1000\" data-crossfadeduration=\"1000\" data-fadeoutfadeinduration=\"2000\" data-slideduration=\"1000\" data-cssslideduration=\"1000\" data-elasticduration=\"1000\" data-sliceduration=\"1500\" data-blindsduration=\"1500\" data-blocksduration=\"1500\" data-shuffleduration=\"1500\" data-tilesduration=\"2000\" data-kenburnsduration=\"5000\" data-flipduration=\"1500\" data-flipwithzoomduration=\"2000\" data-threedduration=\"1500\" data-threedhorizontalduration=\"1500\" data-threedwithzoomduration=\"2500\" data-threedhorizontalwithzoomduration=\"2200\" data-threedflipduration=\"1500\" data-threedflipwithzoomduration=\"2000\" data-threedtilesduration=\"2000\" data-threedfallback=\"flip\" data-threedhorizontalfallback=\"flip\" data-threedwithzoomfallback=\"flipwithzoom\" data-threedhorizontalwithzoomfallback=\"flipwithzoom\" data-threedflipfallback=\"flip\" data-threedflipwithzoomfallback=\"flipwithzoom\" data-threedtilesfallback=\"tiles\" data-ratiomediumscreen=\"900\" data-ratiomediumheight=\"1.6\" data-ratiosmallscreen=\"640\" data-ratiosmallheight=\"2.4\" data-socialmode=\"mouseover\" data-socialposition=\"position:absolute;top:8px;right:8px;\" data-socialpositionsmallscreen=\"position:absolute;top:8px;right:8px;\" data-socialdirection=\"horizontal\" data-socialbuttonsize=\"32\" data-socialbuttonfontsize=\"18\" data-navthumbcolumn=\"5\" data-navthumbtitleheight=\"20\" data-navthumbtitlewidth=\"120\" data-navthumbresponsivemode=\"samesize\" data-navthumbstyle=\"imageonly\" data-navthumbmediumsize=\"900\" data-navthumbmediumwidth=\"64\" data-navthumbmediumheight=\"64\" data-navthumbmediumcolumn=\"4\" data-navthumbmediumtitleheight=\"18\" data-navthumbmediumtitlewidth=\"120\" data-navthumbsmallsize=\"600\" data-navthumbsmallwidth=\"48\" data-navthumbsmallheight=\"48\" data-navthumbsmallcolumn=\"3\" data-navthumbsmalltitleheight=\"18\" data-navthumbsmalltitlewidth=\"120\" data-lightboxsocialposition=\"position:absolute;top:100%;right:0;\" data-lightboxsocialpositionsmallscreen=\"position:absolute;top:100%;right:0;left:0;\" data-lightboxsocialdirection=\"horizontal\" data-lightboxsocialbuttonsize=\"32\" data-lightboxsocialbuttonfontsize=\"18\" data-lightboxtitlestyle=\"bottom\" data-lightboximagepercentage=\"75\" data-lightboxdefaultvideovolume=\"1\" data-lightboxoverlaybgcolor=\"#000\" data-lightboxoverlayopacity=\"0.9\" data-lightboxbgcolor=\"#fff\" data-lightboxtitleprefix=\"%NUM \/ %TOTAL\" data-lightboxtitleinsidecss=\"color:#fff; font-size:16px; font-family:Arial,Helvetica,sans-serif; overflow:hidden; text-align:left;\" data-lightboxdescriptioninsidecss=\"color:#fff; font-size:12px; font-family:Arial,Helvetica,sans-serif; overflow:hidden; text-align:left; margin:4px 0px 0px; padding: 0px;\" data-lightboxtitleoutsidecss=\"color:#fff; font-size:18px; font-family:Arial,Helvetica,sans-serif; overflow:hidden; text-align:center; margin: 8px;\" data-lightboxdescriptionoutsidecss=\"color:#fff; font-size:14px; font-family:Arial,Helvetica,sans-serif; overflow:hidden; text-align:center; margin:8px; padding: 0px;\" data-triggerresizedelay=\"100\" data-lightboxslideinterval=\"5000\" data-lightboxtimerposition=\"bottom\" data-lightboxtimercolor=\"#dc572e\" data-lightboxtimeropacity=\"1\" data-lightboxbordersize=\"8\" data-lightboxborderradius=\"0\" data-textcss=\"display:block; padding:8px 16px; text-align:left;\" data-textbgcss=\"display:none;\" data-titlecss=\"display:table; position:relative; font:bold 14px &quot;Lucida Sans Unicode&quot;,&quot;Lucida Grande&quot;,sans-serif,Arial; color:#fff; white-space:nowrap; background-color:#f7a020; padding:10px;\" data-descriptioncss=\"display:block; position:relative; font:12px &quot;Lucida Sans Unicode&quot;,&quot;Lucida Grande&quot;,sans-serif,Arial; color:#fff;  background-color:#e04000; margin-top:10px; padding:10px;\" data-buttoncss=\"display:block; position:relative; margin-top:10px;\" data-titlecssresponsive=\"font-size:12px;\" data-descriptioncssresponsive=\"font-size:12px;\" data-buttoncssresponsive=\"\" data-jsfolder=\"https:\/\/laikajarjesto.fi\/wp-content\/plugins\/wonderplugin-slider-lite\/engine\/\" style=\"display:none;\" ><ul class=\"amazingslider-slides\"  style=\"display:none;\"><li><img data-recalc-dims=\"1\" decoding=\"async\" class=\"amazingslider-img-elem amazingsliderimg lazyload\" data-src=\"https:\/\/i0.wp.com\/laikajarjesto.fi\/wp-content\/uploads\/2021\/11\/Isovuoman-Soikkeli.jpg?w=750&#038;ssl=1\" alt=\"Vuoden 2025 mestariksi itsens\u00e4 haukkui Isovuoman Soikkeli, om. Ville Ranta.\" title=\"Vuoden 2025 mestariksi itsens\u00e4 haukkui Isovuoman Soikkeli, om. Ville Ranta.\" data-description=\"\" src=\"data:image\/svg+xml;base64,PHN2ZyB3aWR0aD0iMSIgaGVpZ2h0PSIxIiB4bWxucz0iaHR0cDovL3d3dy53My5vcmcvMjAwMC9zdmciPjwvc3ZnPg==\" \/><a href=\"http:\/\/laikajarjesto.fi\/index.php\/2020\/12\/02\/erraus-haukut\/\"><button class=\"amazingsliderbutton as-btn-blue-medium\">Katso lis\u00e4\u00e4<\/button><\/a><\/li><li><img data-recalc-dims=\"1\" decoding=\"async\" class=\"amazingslider-img-elem amazingsliderimg lazyload\" data-src=\"https:\/\/i0.wp.com\/laikajarjesto.fi\/wp-content\/uploads\/2021\/10\/Pakaspuron-Heli.jpg?w=750&#038;ssl=1\" alt=\"Vuoden 2025 narttumestaruuden voitti Pakaspuron Heli, om. Eeva Hallikainen ja Jarmo Leskinen!\" title=\"Vuoden 2025 narttumestaruuden voitti Pakaspuron Heli, om. Eeva Hallikainen ja Jarmo Leskinen!\" data-description=\"\" src=\"data:image\/svg+xml;base64,PHN2ZyB3aWR0aD0iMSIgaGVpZ2h0PSIxIiB4bWxucz0iaHR0cDovL3d3dy53My5vcmcvMjAwMC9zdmciPjwvc3ZnPg==\" \/><a href=\"http:\/\/laikajarjesto.fi\/index.php\/2020\/12\/01\/taiga-haukut\/\"><button class=\"amazingsliderbutton as-btn-blue-medium\">Lue lis\u00e4\u00e4<\/button><\/a><\/li><li><img data-recalc-dims=\"1\" decoding=\"async\" class=\"amazingslider-img-elem amazingsliderimg lazyload\" data-src=\"https:\/\/i0.wp.com\/laikajarjesto.fi\/wp-content\/uploads\/2021\/12\/Pehkumaen-Jermu-scaled.jpg?w=750&#038;ssl=1\" alt=\"Vuoden 2025 Erraus-haukkujen mestari Pehkum\u00e4en Jermu, om. Markus Syrj\u00e4l\u00e4 ja Petra Rauhala.\" title=\"Vuoden 2025 Erraus-haukkujen mestari Pehkum\u00e4en Jermu, om. Markus Syrj\u00e4l\u00e4 ja Petra Rauhala.\" data-description=\"\" src=\"data:image\/svg+xml;base64,PHN2ZyB3aWR0aD0iMSIgaGVpZ2h0PSIxIiB4bWxucz0iaHR0cDovL3d3dy53My5vcmcvMjAwMC9zdmciPjwvc3ZnPg==\" \/><a href=\"http:\/\/laikajarjesto.fi\/index.php\/2020\/11\/30\/etusivu\/\"><button class=\"amazingsliderbutton as-btn-blue-medium\">Lue lis\u00e4\u00e4<\/button><\/a><\/li><li><img data-recalc-dims=\"1\" decoding=\"async\" class=\"amazingslider-img-elem amazingsliderimg lazyload\" data-src=\"https:\/\/i0.wp.com\/laikajarjesto.fi\/wp-content\/uploads\/2020\/12\/IMG-20250928-WA0019.jpg?w=750&#038;ssl=1\" alt=\"Vuoden 2025 Taiga-haukkujen voittaja on Pihkatapin Sissi, om. Jussi Muukkonen.\" title=\"Vuoden 2025 Taiga-haukkujen voittaja on Pihkatapin Sissi, om. Jussi Muukkonen.\" data-description=\"\" src=\"data:image\/svg+xml;base64,PHN2ZyB3aWR0aD0iMSIgaGVpZ2h0PSIxIiB4bWxucz0iaHR0cDovL3d3dy53My5vcmcvMjAwMC9zdmciPjwvc3ZnPg==\" \/><a href=\"https:\/\/laikajarjesto.fi\/index.php\/2020\/12\/01\/meja-jaljestys\/\"><button class=\"amazingsliderbutton as-btn-blue-medium\">Katso lis\u00e4\u00e4<\/button><\/a><\/li><\/ul><ul class=\"amazingslider-thumbnails\"  style=\"display:none;\"><li><img data-recalc-dims=\"1\" height=\"563\" width=\"750\" decoding=\"async\" class=\"amazingslider-thumbnail-elem amazingsliderthumbnailimg lazyload\" data-src=\"https:\/\/i0.wp.com\/laikajarjesto.fi\/wp-content\/uploads\/2021\/11\/Isovuoman-Soikkeli.jpg?resize=750%2C563&#038;ssl=1\" alt=\"Vuoden 2025 mestariksi itsens\u00e4 haukkui Isovuoman Soikkeli, om. Ville Ranta.\" title=\"Vuoden 2025 mestariksi itsens\u00e4 haukkui Isovuoman Soikkeli, om. Ville Ranta.\" data-description=\"\" src=\"data:image\/svg+xml;base64,PHN2ZyB3aWR0aD0iMSIgaGVpZ2h0PSIxIiB4bWxucz0iaHR0cDovL3d3dy53My5vcmcvMjAwMC9zdmciPjwvc3ZnPg==\" style=\"--smush-placeholder-width: 750px; --smush-placeholder-aspect-ratio: 750\/563;\" \/><\/li><li><img data-recalc-dims=\"1\" height=\"750\" width=\"750\" decoding=\"async\" class=\"amazingslider-thumbnail-elem amazingsliderthumbnailimg lazyload\" data-src=\"https:\/\/i0.wp.com\/laikajarjesto.fi\/wp-content\/uploads\/2021\/10\/Pakaspuron-Heli.jpg?resize=750%2C750&#038;ssl=1\" alt=\"Vuoden 2025 narttumestaruuden voitti Pakaspuron Heli, om. Eeva Hallikainen ja Jarmo Leskinen!\" title=\"Vuoden 2025 narttumestaruuden voitti Pakaspuron Heli, om. Eeva Hallikainen ja Jarmo Leskinen!\" data-description=\"\" src=\"data:image\/svg+xml;base64,PHN2ZyB3aWR0aD0iMSIgaGVpZ2h0PSIxIiB4bWxucz0iaHR0cDovL3d3dy53My5vcmcvMjAwMC9zdmciPjwvc3ZnPg==\" style=\"--smush-placeholder-width: 750px; --smush-placeholder-aspect-ratio: 750\/750;\" \/><\/li><li><img data-recalc-dims=\"1\" height=\"914\" width=\"750\" decoding=\"async\" class=\"amazingslider-thumbnail-elem amazingsliderthumbnailimg lazyload\" data-src=\"https:\/\/i0.wp.com\/laikajarjesto.fi\/wp-content\/uploads\/2021\/12\/Pehkumaen-Jermu.jpg?resize=750%2C914&#038;ssl=1\" alt=\"Vuoden 2025 Erraus-haukkujen mestari Pehkum\u00e4en Jermu, om. Markus Syrj\u00e4l\u00e4 ja Petra Rauhala.\" title=\"Vuoden 2025 Erraus-haukkujen mestari Pehkum\u00e4en Jermu, om. Markus Syrj\u00e4l\u00e4 ja Petra Rauhala.\" data-description=\"\" src=\"data:image\/svg+xml;base64,PHN2ZyB3aWR0aD0iMSIgaGVpZ2h0PSIxIiB4bWxucz0iaHR0cDovL3d3dy53My5vcmcvMjAwMC9zdmciPjwvc3ZnPg==\" style=\"--smush-placeholder-width: 750px; --smush-placeholder-aspect-ratio: 750\/914;\" \/><\/li><li><img data-recalc-dims=\"1\" height=\"996\" width=\"750\" decoding=\"async\" class=\"amazingslider-thumbnail-elem amazingsliderthumbnailimg lazyload\" data-src=\"https:\/\/i0.wp.com\/laikajarjesto.fi\/wp-content\/uploads\/2020\/12\/IMG-20250928-WA0019.jpg?resize=750%2C996&#038;ssl=1\" alt=\"Vuoden 2025 Taiga-haukkujen voittaja on Pihkatapin Sissi, om. Jussi Muukkonen.\" title=\"Vuoden 2025 Taiga-haukkujen voittaja on Pihkatapin Sissi, om. Jussi Muukkonen.\" data-description=\"\" src=\"data:image\/svg+xml;base64,PHN2ZyB3aWR0aD0iMSIgaGVpZ2h0PSIxIiB4bWxucz0iaHR0cDovL3d3dy53My5vcmcvMjAwMC9zdmciPjwvc3ZnPg==\" style=\"--smush-placeholder-width: 750px; --smush-placeholder-aspect-ratio: 750\/996;\" \/><\/li><\/ul><\/div><\/div><div id=\"amazingslider_customtexteffect_1\" style=\"display:none;\" data-texteffect=\"{&quot;Color box&quot;:{&quot;textstyle&quot;:&quot;dynamic&quot;,&quot;textpositionstatic&quot;:&quot;bottom&quot;,&quot;textautohide&quot;:true,&quot;textpositionmarginstatic&quot;:0,&quot;textpositiondynamic&quot;:&quot;topcenter,bottomleft&quot;,&quot;textpositionmarginleft&quot;:24,&quot;textpositionmarginright&quot;:24,&quot;textpositionmargintop&quot;:24,&quot;textpositionmarginbottom&quot;:24,&quot;texteffect&quot;:&quot;slide&quot;,&quot;texteffecteasing&quot;:&quot;easeOutCubic&quot;,&quot;texteffectduration&quot;:600,&quot;texteffectslidedirection&quot;:&quot;left&quot;,&quot;texteffectslidedistance&quot;:30,&quot;texteffectdelay&quot;:500,&quot;texteffectseparate&quot;:true,&quot;texteffect1&quot;:&quot;slide&quot;,&quot;texteffectslidedirection1&quot;:&quot;right&quot;,&quot;texteffectslidedistance1&quot;:120,&quot;texteffecteasing1&quot;:&quot;easeOutCubic&quot;,&quot;texteffectduration1&quot;:600,&quot;texteffectdelay1&quot;:1000,&quot;texteffect2&quot;:&quot;slide&quot;,&quot;texteffectslidedirection2&quot;:&quot;right&quot;,&quot;texteffectslidedistance2&quot;:120,&quot;texteffecteasing2&quot;:&quot;easeOutCubic&quot;,&quot;texteffectduration2&quot;:600,&quot;texteffectdelay2&quot;:1500,&quot;textcss&quot;:&quot;display:block; padding:8px 16px; text-align:left;&quot;,&quot;textbgcss&quot;:&quot;display:none;&quot;,&quot;titlecss&quot;:&quot;display:table; position:relative; font:bold 14px \\&quot;Lucida Sans Unicode\\&quot;,\\&quot;Lucida Grande\\&quot;,sans-serif,Arial; color:#fff; white-space:nowrap; background-color:#f7a020; padding:10px;&quot;,&quot;descriptioncss&quot;:&quot;display:block; position:relative; font:12px \\&quot;Lucida Sans Unicode\\&quot;,\\&quot;Lucida Grande\\&quot;,sans-serif,Arial; color:#fff;  background-color:#e04000; margin-top:10px; padding:10px;&quot;,&quot;buttoncss&quot;:&quot;display:block; position:relative; margin-top:10px;&quot;,&quot;texteffectresponsive&quot;:true,&quot;texteffectresponsivesize&quot;:640,&quot;titlecssresponsive&quot;:&quot;font-size:12px;&quot;,&quot;descriptioncssresponsive&quot;:&quot;font-size:12px;&quot;,&quot;buttoncssresponsive&quot;:&quot;&quot;,&quot;addgooglefonts&quot;:false,&quot;googlefonts&quot;:&quot;&quot;,&quot;textleftrightpercentforstatic&quot;:40}}\"><\/div><script>function wonderslider_1_appendcss(csscode) {var head=document.head || document.getElementsByTagName(\"head\")[0];var style=document.createElement(\"style\");head.appendChild(style);style.type=\"text\/css\";if (style.styleSheet){style.styleSheet.cssText=csscode;} else {style.appendChild(document.createTextNode(csscode));}};wonderslider_1_appendcss(\"#wonderpluginslider-1 .star-rating { \tdisplay: inline-block; }\");<\/script>\n<h1>\n\t\t\tSuomen Laikaj\u00e4rjest\u00f6n p\u00e4\u00e4yhteisty\u00f6kumppanit\t<\/h1>\n<figure itemscope itemtype=\"https:\/\/schema.org\/ImageObject\">\n\t\t\t\t<img data-recalc-dims=\"1\" decoding=\"async\" data-src=\"https:\/\/i0.wp.com\/laikajarjesto.fi\/wp-content\/uploads\/2023\/07\/tracker_logo_posi.png?resize=750%2C422&#038;ssl=1\" alt=\"tracker_logo_posi\" height=\"422\" width=\"750\" title=\"tracker_logo_posi\" onerror=\"this.style.display='none'\" src=\"data:image\/svg+xml;base64,PHN2ZyB3aWR0aD0iMSIgaGVpZ2h0PSIxIiB4bWxucz0iaHR0cDovL3d3dy53My5vcmcvMjAwMC9zdmciPjwvc3ZnPg==\" class=\"lazyload\" style=\"--smush-placeholder-width: 750px; --smush-placeholder-aspect-ratio: 750\/422;\" \/>\n\t<\/figure>\n<figure itemscope itemtype=\"https:\/\/schema.org\/ImageObject\">\n\t\t\t\t<img data-recalc-dims=\"1\" decoding=\"async\" data-src=\"https:\/\/i0.wp.com\/laikajarjesto.fi\/wp-content\/uploads\/2025\/06\/repo_logo_vihrea_rgb.png?resize=750%2C750&#038;ssl=1\" alt=\"repo_logo_vihrea_rgb\" height=\"750\" width=\"750\" title=\"repo_logo_vihrea_rgb\" onerror=\"this.style.display='none'\" src=\"data:image\/svg+xml;base64,PHN2ZyB3aWR0aD0iMSIgaGVpZ2h0PSIxIiB4bWxucz0iaHR0cDovL3d3dy53My5vcmcvMjAwMC9zdmciPjwvc3ZnPg==\" class=\"lazyload\" style=\"--smush-placeholder-width: 750px; --smush-placeholder-aspect-ratio: 750\/750;\" \/>\n\t<\/figure>\n<figure itemscope itemtype=\"https:\/\/schema.org\/ImageObject\">\n\t\t\t\t<img data-recalc-dims=\"1\" decoding=\"async\" data-src=\"https:\/\/i0.wp.com\/laikajarjesto.fi\/wp-content\/uploads\/2020\/11\/Jaki_2016.jpg?resize=160%2C92&#038;ssl=1\" alt=\"Print\" height=\"92\" width=\"160\" title=\"Print\" onerror=\"this.style.display='none'\" src=\"data:image\/svg+xml;base64,PHN2ZyB3aWR0aD0iMSIgaGVpZ2h0PSIxIiB4bWxucz0iaHR0cDovL3d3dy53My5vcmcvMjAwMC9zdmciPjwvc3ZnPg==\" class=\"lazyload\" style=\"--smush-placeholder-width: 160px; --smush-placeholder-aspect-ratio: 160\/92;\" \/>\n\t<\/figure>\n<figure itemscope itemtype=\"https:\/\/schema.org\/ImageObject\">\n\t\t\t\t<a href=\"https:\/\/dogtrail.fi\/\"  target=\"_self\" itemprop=\"url\">\n\t\t\t\t<img data-recalc-dims=\"1\" decoding=\"async\" data-src=\"https:\/\/i0.wp.com\/laikajarjesto.fi\/wp-content\/uploads\/2026\/01\/dogtrailfi_verkkokauppa_logo.jpg?resize=704%2C199&#038;ssl=1\" alt=\"dogtrailfi_verkkokauppa_logo\" height=\"199\" width=\"704\" title=\"dogtrailfi_verkkokauppa_logo\" onerror=\"this.style.display='none'\" src=\"data:image\/svg+xml;base64,PHN2ZyB3aWR0aD0iMSIgaGVpZ2h0PSIxIiB4bWxucz0iaHR0cDovL3d3dy53My5vcmcvMjAwMC9zdmciPjwvc3ZnPg==\" class=\"lazyload\" style=\"--smush-placeholder-width: 704px; --smush-placeholder-aspect-ratio: 704\/199;\" \/>\n\t\t\t\t<\/a>\n\t<\/figure>\n<figure itemscope itemtype=\"https:\/\/schema.org\/ImageObject\">\n\t\t\t\t<a href=\"https:\/\/happydog.fi\/\"  target=\"_self\" itemprop=\"url\">\n\t\t\t\t<img data-recalc-dims=\"1\" decoding=\"async\" data-src=\"https:\/\/i0.wp.com\/laikajarjesto.fi\/wp-content\/uploads\/2026\/01\/Happydog.fi-logo.jpg?resize=750%2C325&#038;ssl=1\" alt=\"Happydog.fi logo\" height=\"325\" width=\"750\" title=\"Happydog.fi logo\" onerror=\"this.style.display='none'\" src=\"data:image\/svg+xml;base64,PHN2ZyB3aWR0aD0iMSIgaGVpZ2h0PSIxIiB4bWxucz0iaHR0cDovL3d3dy53My5vcmcvMjAwMC9zdmciPjwvc3ZnPg==\" class=\"lazyload\" style=\"--smush-placeholder-width: 750px; --smush-placeholder-aspect-ratio: 750\/325;\" \/>\n\t\t\t\t<\/a>\n\t<\/figure>\n\n","protected":false},"excerpt":{"rendered":"<p>Tapahtumat \/ tiedotteet Laika-lauantai 11.4.2026 Uutiset Suomen Laikaj\u00e4rjest\u00f6n p\u00e4\u00e4yhteisty\u00f6kumppanit<\/p>\n","protected":false},"author":1,"featured_media":1407,"parent":0,"menu_order":0,"comment_status":"closed","ping_status":"closed","template":"template-page-builder.php","meta":{"_acf_changed":false,"footnotes":""},"class_list":["post-19","page","type-page","status-publish","has-post-thumbnail","hentry"],"acf":[],"jetpack_sharing_enabled":true,"_links":{"self":[{"href":"https:\/\/laikajarjesto.fi\/index.php\/wp-json\/wp\/v2\/pages\/19","targetHints":{"allow":["GET"]}}],"collection":[{"href":"https:\/\/laikajarjesto.fi\/index.php\/wp-json\/wp\/v2\/pages"}],"about":[{"href":"https:\/\/laikajarjesto.fi\/index.php\/wp-json\/wp\/v2\/types\/page"}],"author":[{"embeddable":true,"href":"https:\/\/laikajarjesto.fi\/index.php\/wp-json\/wp\/v2\/users\/1"}],"replies":[{"embeddable":true,"href":"https:\/\/laikajarjesto.fi\/index.php\/wp-json\/wp\/v2\/comments?post=19"}],"version-history":[{"count":11,"href":"https:\/\/laikajarjesto.fi\/index.php\/wp-json\/wp\/v2\/pages\/19\/revisions"}],"predecessor-version":[{"id":5631,"href":"https:\/\/laikajarjesto.fi\/index.php\/wp-json\/wp\/v2\/pages\/19\/revisions\/5631"}],"wp:featuredmedia":[{"embeddable":true,"href":"https:\/\/laikajarjesto.fi\/index.php\/wp-json\/wp\/v2\/media\/1407"}],"wp:attachment":[{"href":"https:\/\/laikajarjesto.fi\/index.php\/wp-json\/wp\/v2\/media?parent=19"}],"curies":[{"name":"wp","href":"https:\/\/api.w.org\/{rel}","templated":true}]}}